*k + 352. Let s(w) be the second derivative of 41*w**5/20 + w**3/3 - w**2 - 4*w. Calculate the remainder when s(1) is divided by k.
19
Let d be 96/(-16)*15/(-18). Suppose 0 = -2*v + d*l - 32 + 191, -3*v = -5*l - 241. Calculate the remainder when v is divided by 7.
5
Suppose -4*i + 364 = -4*t, -261 = 318*i - 321*i + t. What is the remainder when 8413 is divided by i?
83
Let d(r) = r**3 + 2*r**2 - 3*r + 10. Let g be d(4). Let w = g - 24. Suppose -3*f = -5*f + 38. Calculate the remainder when w is divided by f.
13
Suppose 2*a + 39 = 3*a. What is the remainder when (a/(-12))/(5/(-220)) is divided by 0 - -26 - (-87 - -76)?
32
Suppose -i + 471 = 2*m, 5*i - 3*m - 2355 = -6*m. Let t = -460 + i. Suppose 5*a = -3 - 2, -y + 5*a = -9. What is the remainder when t is divided by y?
3
Let s = 23 - 21. What is the remainder when ((-21)/(-9) - s)*261 is divided by (1 - -1)/((-119)/(-28) + -4)?
7
Let k be 0 - 7/(28/(-24)). Let p be 2*15/6 + 10. Suppose 0 = o - p - k. Calculate the remainder when 103 is divided by o.
19
Suppose 13*q - 4*f - 488 = 9*q, -3*q - f + 386 = 0. What is the remainder when q is divided by 66?
61
Let k = 56 - 83. Let n = -4 - k. What is the remainder when (-2335)/(-35) + (-10)/(-35) is divided by n?
21
Suppose 296*q - 299 = 283*q. Calculate the remainder when 108 is divided by q.
16
Suppose 939 = 11*i + 4228. Let f = i + 381. What is the remainder when f is divided by 17?
14
Let y = 1418 + -1406. What is the remainder when 66 is divided by y?
6
Let v(m) = -22*m**2 + 20*m + 75. Let p(o) = -14*o**2 + 13*o + 50. Let a(c) = -8*p(c) + 5*v(c). Calculate the remainder when a(-4) is divided by 8.
7
Let q be -6 - 5/(5/(-2)) - -326. What is the remainder when -3 + q/21 - 2/6 is divided by (10/3)/(10/15)?
2
Suppose 3*i - 2*r - 18 = 41, -3*i = 2*r - 67. Let j(v) = -23*v - 4. Let z be j(-2). Let a = z + 41. What is the remainder when a is divided by i?
20
Suppose 2*d + 38 = -326. Let a = d - -204. What is the remainder when 61 is divided by a?
17
What is the remainder when ((-9)/36 + 6/(-8))/1 - -1799 is divided by 72?
70
Let y(a) = 18*a**3 - 14*a**2 + 13*a - 9. Let c be y(-7). What is the remainder when 4/26 + (c/(-39))/10 is divided by 5?
3
Let n = -20 + 18. What is the remainder when ((-3)/2)/(n/(-304)*-3) is divided by 13?
11
Let p = 6 - -5. Suppose -9*c + p*c - 12 = 0. Suppose m = c*a - 2*a + 25, -4*m = 4*a. Calculate the remainder when m is divided by 1.
0
Let j be -3 + -1 - 13/(13/(-8)). Suppose -15*k + j = 34. Calculate the remainder when 141 is divided by 1*-2 - (50/k + -1).
21
Suppose 0 = 13*c - 9403 + 1746. What is the remainder when c is divided by 182?
43
Let s(z) = 3*z**2 + 111*z + 412. Let c(b) = b**2 + 37*b + 137. Let a(i) = 11*c(i) - 4*s(i). What is the remainder when a(-31) is divided by 12?
9
Calculate the remainder when (-702)/(-312) + (-655)/(-4) is divided by 54.
4
Let q(h) = h + 4. Let u be q(5). Suppose 3*s + 4*o = 418, -2*o + 4 = -4*o. Suppose -s = -u*f + 596. What is the remainder when f is divided by 12?
10
Suppose -j + 3*j = -3*b + 239, 3*b = -5*j + 602. Let q = j + -56. Let k = 30 - 19. Calculate the remainder when q is divided by k.
10
What is the remainder when 1277 is divided by ((-39)/9 - 9)*144/(-15)?
125
Let z = 5403 + -5385. Suppose -3 + 0 = -o - 3*l, -3*l = 5*o - 39. Calculate the remainder when z is divided by o.
0
Suppose 5*p + 6208164 = 120*p + 128*p. What is the remainder when p is divided by 175?
173
Suppose f = 10*o - 8*o - 6, 4 = 5*o + 3*f. Suppose -5*h - o*k = -6*h + 29, -4*h = -3*k - 106. Let d = 375 - 254. Calculate the remainder when d is divided by h.
21
Suppose 4*k - 46 = -n, 2*n - k - 4*k - 105 = 0. Calculate the remainder when -1*-18*11 - 1 is divided by n.
47
Suppose 17*a - 100 = -8*a. Calculate the remainder when 167 is divided by 59 - (a - 4 - -7).
11
Suppose 2*k + 5*u - 636 = 0, -1394 + 170 = -4*k + 2*u. Suppose -2*q + 72 = t, 2*t - 107 = -2*q + 27. Calculate the remainder when k is divided by t.
60
Suppose 173 = 34*u + 10 - 41. What is the remainder when 1168 is divided by u?
4
Let a(o) = 14*o + 82. Let s(z) = 12*z + 82. Let d(k) = -2*a(k) + 3*s(k). Calculate the remainder when d(0) is divided by 21.
19
Let k(f) = -4*f**2 - 11*f - 10. Let j be k(-4). Let a be (6/(-2) + (-8)/12)*j. Suppose 5*c - 90 - a = 0. What is the remainder when c is divided by 21?
19
Let o(t) = t - 36. Let w be o(-15). Let r = 40 - w. Calculate the remainder when r is divided by 31.
29
Suppose -2*z - 133*s = -135*s - 80, -z + 5*s = -60. Calculate the remainder when 6991 is divided by z.
26
Let x(m) = -m**3 + 23*m**2 + 1. Let l be 3/(-12) - (27/(-12) - -3). Let c be (-46*(-4)/(-8))/l. What is the remainder when 10 is divided by x(c)?
0
Let w be (5/(-10) - 0)*12. Let c(f) = f**3 - 16*f**2 + 28*f - 15. Let h be c(14). Calculate the remainder when 41 - 5/(h/w) is divided by 10.
9
Let d be ((-4)/(-16)*6)/((-9)/(-24)). Suppose -d*u - 822 = -918. What is the remainder when 56 is divided by u?
8
Let n = 87 + 6. Suppose -h - 27*y + 2 = -25*y, -3*y - 4 = -2*h. Suppose 4*v - 3*q - 79 = -4*q, h*v - 44 = -2*q. What is the remainder when n is divided by v?
17
Let j(s) = 45*s**2 - 129*s + 378. Calculate the remainder when j(3) is divided by 71.
41
Let n be (2 - 5)*165/9. Let w = n - -91. Calculate the remainder when 215 is divided by w.
35
Let v(s) = -s**2 - 13*s - 12. What is the remainder when 17218 is divided by v(-7)?
28
Let a be ((-6164)/(-3))/(-4) + 132/198. Let c = 528 + a. Suppose 0 = -z + 4*z - 162. What is the remainder when z is divided by c?
9
Let w(h) = -7*h - 1. Let t be ((-6)/8)/((-5)/(-40)). Let y = -2975 - -2986. Calculate the remainder when w(t) is divided by y.
8
Calculate the remainder when (2292 - 0)*394/788 is divided by 9.
3
Let p(l) = 19*l - 20. Let b be p(2). What is the remainder when 45 + (-3)/((-9)/6) is divided by (b/(-24))/((-7 - -5)/64)?
23
Let r = 203 - -95. Calculate the remainder when r is divided by ((-18)/(-30) - 0)/(32/1600).
28
Let o be ((-182)/(-21) - 5) + 2/(-3). Suppose 4*m - m = -o*a + 1017, -4*m + 1370 = -3*a. What is the remainder when m is divided by 86?
83
What is the remainder when (-16)/2 + (851 - -124) is divided by 57?
55
Let z = 7528 - 7317. Calculate the remainder when z is divided by 69.
4
Let a(r) = 45*r + 53. Let j be a(10). Suppose 0 = -5*y - 10, -2*t + y + j = t. Calculate the remainder when t is divided by 12.
11
Suppose 12 = 5*o - 23. Suppose -81*w - a = -86*w + 12, 5*w - 4*a = 33. What is the remainder when o is divided by w?
0
Suppose 3744 = 13*n - 3640. Suppose 6*f - 10*f + n = 0. What is the remainder when f is divided by 49?
44
Let r = -35319 + 35393. What is the remainder when 226 is divided by r?
4
Suppose 0 = 4*t + 10 + 14. What is the remainder when ((-3)/(-2))/(24/96) is divided by (-2)/t*-3 - -4?
0
Let y = -30 - -31. Suppose -3*z + 11 = h, -2*z - 3*h - 1 - y = 0. Suppose 50 = z*c - 35. What is the remainder when 83 is divided by c?
15
Suppose -15 = -j + 4*g + 17, -3*j = 2*g - 40. Let t be (-1056)/104 - 4/(-26). Calculate the remainder when (2550/21)/2 - t/35 is divided by j.
13
Let p = -223 - -330. Suppose 16*w + 12*w - 37*w = 711. Let j = p + w. Calculate the remainder when 55 is divided by j.
27
Suppose 391 = 5*z + 4*p, 3*z + 2*p - p = 229. Let i(u) = -2*u**2 + 193*u + 332. What is the remainder when z is divided by i(98)?
37
Suppose -4*c = -c + 4*l - 28, 0 = 2*c - 5*l + 12. Suppose 5*r = -5*o + r + 109, 2*o - 34 = -c*r. Let u = 47 - -2. What is the remainder when u is divided by o?
24
Suppose u + 96 = -2*q, 187 = -5*u - 4*q - 263. Let d be 22/55 + u/(-10). Suppose d*j - 12*j = -30. Calculate the remainder when 35 is divided by j.
5
Suppose -4*q + 22 + 22 = 0. Let w(h) = -h**2 + 13*h + 9. Let m be w(q). Suppose m*o = 29*o + 34. Calculate the remainder when 84 is divided by o.
16
Let c = -29314 + 29401. Suppose 18 - 43 = -h. What is the remainder when c is divided by h?
12
Suppose 36*m + 2*m + 2128 = 0. Suppose 4*w - 3*w = 91. What is the remainder when w is divided by (-3)/(189/m - -3)?
3
Let i(h) = h**3 + 6*h**2 - 8*h + 4. What is the remainder when i(-6) is divided by (-1040)/(-16) - 4725/105?
12
Let q = -144 - -157. Suppose 238 = q*h - 334. What is the remainder when 86 is divided by h?
42
Let k(f) = 2*f**2 + 5*f + 4. What is the remainder when (1393/7)/(1 - (